{"id":11,"date":"2015-05-18T13:07:41","date_gmt":"2015-05-18T13:07:41","guid":{"rendered":"http:\/\/argumentation.samfundslitteratur.dk\/?page_id=11"},"modified":"2021-03-03T08:32:31","modified_gmt":"2021-03-03T07:32:31","slug":"opgaver","status":"publish","type":"page","link":"https:\/\/argumentation.samfundslitteratur.dk\/?page_id=11","title":{"rendered":"Studieopgaver"},"content":{"rendered":"<p>Studieopgaverne tilknyttet de enkelte kapitler i bogen best\u00e5r af konkrete analyseopgaver og l\u00e6gger op til overordnede didaktiske refleksioner, planl\u00e6gning af undervisning og udarbejdelse af l\u00e6remidler.<\/p>\n","protected":false},"excerpt":{"rendered":"<p>Studieopgaverne tilknyttet de enkelte kapitler i bogen best\u00e5r af konkrete analyseopgaver og l\u00e6gger op til overordnede didaktiske refleksioner, planl\u00e6gning af undervisning og udarbejdelse af l\u00e6remidler.<\/p>\n","protected":false},"author":2,"featured_media":0,"parent":0,"menu_order":0,"comment_status":"closed","ping_status":"open","template":"","meta":{"footnotes":""},"class_list":["post-11","page","type-page","status-publish","hentry"],"_links":{"self":[{"href":"https:\/\/argumentation.samfundslitteratur.dk\/index.php?rest_route=\/wp\/v2\/pages\/11","targetHints":{"allow":["GET"]}}],"collection":[{"href":"https:\/\/argumentation.samfundslitteratur.dk\/index.php?rest_route=\/wp\/v2\/pages"}],"about":[{"href":"https:\/\/argumentation.samfundslitteratur.dk\/index.php?rest_route=\/wp\/v2\/types\/page"}],"author":[{"embeddable":true,"href":"https:\/\/argumentation.samfundslitteratur.dk\/index.php?rest_route=\/wp\/v2\/users\/2"}],"replies":[{"embeddable":true,"href":"https:\/\/argumentation.samfundslitteratur.dk\/index.php?rest_route=%2Fwp%2Fv2%2Fcomments&post=11"}],"version-history":[{"count":2,"href":"https:\/\/argumentation.samfundslitteratur.dk\/index.php?rest_route=\/wp\/v2\/pages\/11\/revisions"}],"predecessor-version":[{"id":52,"href":"https:\/\/argumentation.samfundslitteratur.dk\/index.php?rest_route=\/wp\/v2\/pages\/11\/revisions\/52"}],"wp:attachment":[{"href":"https:\/\/argumentation.samfundslitteratur.dk\/index.php?rest_route=%2Fwp%2Fv2%2Fmedia&parent=11"}],"curies":[{"name":"wp","href":"https:\/\/api.w.org\/{rel}","templated":true}]}}