{"id":19,"date":"2015-05-18T13:16:29","date_gmt":"2015-05-18T13:16:29","guid":{"rendered":"http:\/\/argumentation.samfundslitteratur.dk\/?page_id=19"},"modified":"2021-03-03T08:32:31","modified_gmt":"2021-03-03T07:32:31","slug":"studieopgaver-til-kapitel-4","status":"publish","type":"page","link":"https:\/\/argumentation.samfundslitteratur.dk\/?page_id=19","title":{"rendered":"Studieopgaver til kapitel 4"},"content":{"rendered":"<p><strong>OPGAVE 11<\/strong><\/p>\n<p>Lav en sproglig analyse af Georg Metz\u2019 kommentar i Information \u201dSelvbefrugtende dumhed. Endnu en tidsspildende tv-valgaften i fl\u00e6sk og floskler\u201d, bragt 23. november 2013. Teksten refererer til kommunevalget i Danmark d. 19. november 2013 og kan hentes p\u00e5: <a href=\"http:\/\/www.information.dk\/479708\">http:\/\/www.information.dk\/479708<\/a>.<\/p>\n<p>Benyt analysemodellen pr\u00e6senteret s. 117-118 i bogens kap. 4.<\/p>\n<p>&nbsp;<\/p>\n<p><strong>OPGAVE 12<\/strong><\/p>\n<p>Hvordan vil I rammes\u00e6tte en undervisning p\u00e5 henholdsvis 5., 7. og 9. klassetrin, hvor eleverne skal l\u00e6re om retoriske figurer? (jf. kompetenceomr\u00e5det <em>Kommunikation<\/em> og videns- og f\u00e6rdighedsomr\u00e5det <em>Sproglig bevidsthed <\/em>i F\u00e6lles M\u00e5l: <a href=\"http:\/\/www.emu.dk\/sites\/default\/files\/F%C3%A6lles%20M%C3%A5l%20for%20faget%20dansk_1.pdf\">http:\/\/www.emu.dk\/sites\/default\/files\/F%C3%A6lles%20M%C3%A5l%20for%20faget%20dansk_1.pdf<\/a>)<\/p>\n","protected":false},"excerpt":{"rendered":"<p>OPGAVE 11 Lav en sproglig analyse af Georg Metz\u2019 kommentar i Information \u201dSelvbefrugtende dumhed. Endnu en tidsspildende tv-valgaften i fl\u00e6sk og floskler\u201d, bragt 23. november 2013. Teksten refererer til kommunevalget i Danmark d. 19. november 2013 og kan hentes p\u00e5: http:\/\/www.information.dk\/479708. Benyt analysemodellen pr\u00e6senteret s. 117-118 i bogens kap. 4. &nbsp; OPGAVE 12 Hvordan vil [&hellip;]<\/p>\n","protected":false},"author":2,"featured_media":0,"parent":11,"menu_order":0,"comment_status":"closed","ping_status":"open","template":"","meta":{"footnotes":""},"class_list":["post-19","page","type-page","status-publish","hentry"],"_links":{"self":[{"href":"https:\/\/argumentation.samfundslitteratur.dk\/index.php?rest_route=\/wp\/v2\/pages\/19","targetHints":{"allow":["GET"]}}],"collection":[{"href":"https:\/\/argumentation.samfundslitteratur.dk\/index.php?rest_route=\/wp\/v2\/pages"}],"about":[{"href":"https:\/\/argumentation.samfundslitteratur.dk\/index.php?rest_route=\/wp\/v2\/types\/page"}],"author":[{"embeddable":true,"href":"https:\/\/argumentation.samfundslitteratur.dk\/index.php?rest_route=\/wp\/v2\/users\/2"}],"replies":[{"embeddable":true,"href":"https:\/\/argumentation.samfundslitteratur.dk\/index.php?rest_route=%2Fwp%2Fv2%2Fcomments&post=19"}],"version-history":[{"count":5,"href":"https:\/\/argumentation.samfundslitteratur.dk\/index.php?rest_route=\/wp\/v2\/pages\/19\/revisions"}],"predecessor-version":[{"id":86,"href":"https:\/\/argumentation.samfundslitteratur.dk\/index.php?rest_route=\/wp\/v2\/pages\/19\/revisions\/86"}],"up":[{"embeddable":true,"href":"https:\/\/argumentation.samfundslitteratur.dk\/index.php?rest_route=\/wp\/v2\/pages\/11"}],"wp:attachment":[{"href":"https:\/\/argumentation.samfundslitteratur.dk\/index.php?rest_route=%2Fwp%2Fv2%2Fmedia&parent=19"}],"curies":[{"name":"wp","href":"https:\/\/api.w.org\/{rel}","templated":true}]}}