{"id":64,"date":"2015-05-18T14:34:45","date_gmt":"2015-05-18T14:34:45","guid":{"rendered":"http:\/\/argumentation.samfundslitteratur.dk\/?page_id=64"},"modified":"2021-03-03T08:32:32","modified_gmt":"2021-03-03T07:32:32","slug":"om-bogen","status":"publish","type":"page","link":"https:\/\/argumentation.samfundslitteratur.dk\/?page_id=64","title":{"rendered":"Om bogen"},"content":{"rendered":"<p><a href=\"http:\/\/argumentation.samfundslitteratur.dk\/wp-content\/uploads\/2015\/05\/omslag_lille_web.jpg\"><img loading=\"lazy\" decoding=\"async\" class=\"alignnone size-medium wp-image-65\" src=\"http:\/\/argumentation.samfundslitteratur.dk\/wp-content\/uploads\/2015\/05\/omslag_lille_web-213x300.jpg\" alt=\"omslag_lille_web\" width=\"213\" height=\"300\" srcset=\"https:\/\/argumentation.samfundslitteratur.dk\/wp-content\/uploads\/2015\/05\/omslag_lille_web-213x300.jpg 213w, https:\/\/argumentation.samfundslitteratur.dk\/wp-content\/uploads\/2015\/05\/omslag_lille_web.jpg 230w\" sizes=\"auto, (max-width: 213px) 100vw, 213px\" \/><br \/>\n<\/a><a href=\"http:\/\/samfundslitteratur.dk\/bog\/argumentation-og-faktiske-tekster\" target=\"_blank\" rel=\"noopener\">K\u00f8b\u00a0<em>Argumentation og faktiske tekster<\/em><\/a><\/p>\n<p>&nbsp;<\/p>\n<p><strong>Om\u00a0<em>Argumentation og faktiske tekster<\/em><\/strong><\/p>\n<p>En grundbog til arbejdet med faktiske tekster i undervisningsfaget dansk i l\u00e6reruddannelsen og en inspirationsbog til alle, der interesserer sig for argumentation. Peter Fregerslev pr\u00e6senterer en r\u00e6kke sproglige analysev\u00e6rkt\u00f8jer og demonstrerer, hvordan et fokus p\u00e5 argumentation kan danne en r\u00f8d tr\u00e5d i arbejdet med faktiske tekster.<\/p>\n<p>Forfatteren introducerer til en kommunikativ didaktik, hvor undervisning bygges op i t\u00e6t samspil mellem receptive og produktive l\u00e6ringsformer, og hvor der er p\u00e5 v\u00e6gt p\u00e5 mundtlighed, skriftlighed og argumentationsanalyse.<\/p>\n<p><em>Argumentation og faktiske tekster <\/em>kan anvendes inden for flere faglige moduler i l\u00e6reruddannelsen. S\u00e5ledes b\u00e5de lokale moduler om faktiske tekster og de nationale moduler <em>Literacy <\/em>og <em>Multimodale tekster<\/em>.<\/p>\n<p>Bogen retter sig umiddelbart mod l\u00e6reruddannelsen, men kan ogs\u00e5 anvendes i mange andre uddannelser: p\u00e5 gymnasier, p\u00e5 journalistuddannelsen og inden for diverse universitetsuddannelser.<\/p>\n","protected":false},"excerpt":{"rendered":"<p>K\u00f8b\u00a0Argumentation og faktiske tekster &nbsp; Om\u00a0Argumentation og faktiske tekster En grundbog til arbejdet med faktiske tekster i undervisningsfaget dansk i l\u00e6reruddannelsen og en inspirationsbog til alle, der interesserer sig for argumentation. Peter Fregerslev pr\u00e6senterer en r\u00e6kke sproglige analysev\u00e6rkt\u00f8jer og demonstrerer, hvordan et fokus p\u00e5 argumentation kan danne en r\u00f8d tr\u00e5d i arbejdet med faktiske tekster. [&hellip;]<\/p>\n","protected":false},"author":2,"featured_media":0,"parent":0,"menu_order":10,"comment_status":"closed","ping_status":"open","template":"","meta":{"footnotes":""},"class_list":["post-64","page","type-page","status-publish","hentry"],"_links":{"self":[{"href":"https:\/\/argumentation.samfundslitteratur.dk\/index.php?rest_route=\/wp\/v2\/pages\/64","targetHints":{"allow":["GET"]}}],"collection":[{"href":"https:\/\/argumentation.samfundslitteratur.dk\/index.php?rest_route=\/wp\/v2\/pages"}],"about":[{"href":"https:\/\/argumentation.samfundslitteratur.dk\/index.php?rest_route=\/wp\/v2\/types\/page"}],"author":[{"embeddable":true,"href":"https:\/\/argumentation.samfundslitteratur.dk\/index.php?rest_route=\/wp\/v2\/users\/2"}],"replies":[{"embeddable":true,"href":"https:\/\/argumentation.samfundslitteratur.dk\/index.php?rest_route=%2Fwp%2Fv2%2Fcomments&post=64"}],"version-history":[{"count":4,"href":"https:\/\/argumentation.samfundslitteratur.dk\/index.php?rest_route=\/wp\/v2\/pages\/64\/revisions"}],"predecessor-version":[{"id":115,"href":"https:\/\/argumentation.samfundslitteratur.dk\/index.php?rest_route=\/wp\/v2\/pages\/64\/revisions\/115"}],"wp:attachment":[{"href":"https:\/\/argumentation.samfundslitteratur.dk\/index.php?rest_route=%2Fwp%2Fv2%2Fmedia&parent=64"}],"curies":[{"name":"wp","href":"https:\/\/api.w.org\/{rel}","templated":true}]}}